 is the remainder when 7 + (0 - -26) + 3 is divided by 3 + v + 3 + 11?
10
Suppose 0 = 4*a + y - 9510 + 799, -4*a - 3*y + 8709 = 0. Suppose f = 3*z + 718, 0 = -9*f + 6*f + z + a. What is the remainder when f is divided by 10?
7
Let y = 135 - 15. Let a = y - 103. Let n(q) = q**3 + 4*q**2 - q + 3. What is the remainder when a is divided by n(-4)?
3
Suppose -5*a - 15 = 65. Let s = 50 + a. Calculate the remainder when 10 is divided by 119/s + (-1)/(-2).
2
Let y be 1*-2 + 6*18/27. Suppose 2*p = 7*z - 4*z + 75, 154 = 4*p - y*z. What is the remainder when p is divided by 21?
18
Let z(i) = i**3 - 6*i**2 + 9. Let q(j) = j**3 - 5*j**2 - 43*j + 60. Calculate the remainder when q(10) is divided by z(7).
14
Let c = -362 + 379. Calculate the remainder when 99 is divided by c.
14
Suppose -7*l + 28*l = 2*l + 7733. What is the remainder when l is divided by 311?
96
Let f be 5 + 613 + -7 + -6. Let v = f - 584. Calculate the remainder when 187 is divided by v.
19
Suppose -2*r = -2*d - 714, 0 = 5*r - 4*d - 92 - 1688. Let h = r - 306. What is the remainder when 171 is divided by h?
33
Suppose 0 = -3*t + 2*a + 112, 0 = -2*t - 5*a + 35 + 27. Suppose -t*x = -23*x - 52. Calculate the remainder when -3*(-8)/(-12) - -25 is divided by x.
3
Let y = -8813 - -8901. What is the remainder when 1326 is divided by y?
6
Let f = -63 + 742. Let x = -634 + f. Calculate the remainder when 138 is divided by x.
3
Let c = -44 + 400. Suppose 4*k = 8*k - c. Let t(l) = -4*l + 150. What is the remainder when k is divided by t(30)?
29
Let b = 1761 + -1720. What is the remainder when 408 is divided by b?
39
Let z = -24 - -25. Let k = 1 - z. Let h = k + 19. Calculate the remainder when 70 is divided by h.
13
Let m(v) = 6 + 3*v**2 - 2*v**2 + 9*v**2 + v + 5*v. Suppose -10 = 4*s + 6. Calculate the remainder when m(s) is divided by 18.
16
Let y(t) = t**3 + 8*t**2 + 21*t + 85. What is the remainder when 241 - 6/(-9)*3 is divided by y(-6)?
26
Let w(x) = -25*x**3 + 1. Let t(s) = 10*s**2 - 60*s + 134. Calculate the remainder when t(7) is divided by w(-1).
22
Let f = 1690 + -103. Calculate the remainder when f is divided by 53.
50
Suppose -247*j + 737*j = 1954610. Calculate the remainder when j is divided by 10.
9
Suppose j + 25649 = 14*j. Suppose 0 = 25*h - j - 452. What is the remainder when h is divided by 11?
9
Let m = 27878 - 27783. Calculate the remainder when 669 is divided by m.
4
Suppose -226*v + 22*v + 6042 = 114*v. Let y = 97 - 27. What is the remainder when y is divided by v?
13
Let k = -11 + 34. Let a(r) = r**2 + 9*r + 106. Suppose -36 = 5*g + 3*q, -4*g + q - 21 = 1. Calculate the remainder when a(g) is divided by k.
19
Let n = -2027 - -2093. Calculate the remainder when n is divided by 17.
15
Let x be (2/(-4))/((-1)/(-24)*-2). Let w(f) = 2 + 19*f - 18*f - 1 - x. Calculate the remainder when 16 is divided by w(10).
1
Let t(q) = -5*q + 29. Let l be t(-9). Let y = l - 60. What is the remainder when 35 is divided by y?
7
Suppose -2*u - 19*v = -14*v - 62, -125 = -5*u - 5*v. What is the remainder when 394 is divided by 10 - (-1421)/u - (-4)/3?
78
Let t(s) = -23*s**3 - 2*s**2 - s. Let k = -63 + 62. Let o(d) = 2*d**2 - d + 2. Calculate the remainder when t(k) is divided by o(2).
6
Suppose -q + o - 3 = -4*q, 0 = 3*o + 9. Calculate the remainder when q*-7*((-2)/4)/1 is divided by 3.
1
Let v = 8482 + -8254. What is the remainder when v is divided by 91?
46
Let d(t) = t**3 - t**2 - t - 1. Let v(k) = -7*k**3 + 24*k**2 + 24*k + 15. Let g(r) = -6*d(r) - v(r). Calculate the remainder when 69 is divided by g(19).
9
Suppose 3*v + 55 = 5*t - 0*v, -4*v + 4 = 3*t. Calculate the remainder when (-88*(-1)/6)/((-9)/(-27)) is divided by t.
4
Let y(u) = 7*u + 188*u**2 - 187*u**2 - 4 - 4. Let x be y(-8). Let i(v) = 2*v**2 + 13. Calculate the remainder when i(x) is divided by 7.
6
Let b(d) = 67*d - 2062. What is the remainder when 2200 is divided by b(31)?
10
Suppose 3*j - 8*j - t = -855, -2*j - 4*t = -360. What is the remainder when 18867 is divided by j?
167
Let h(i) = -2*i**3 - 8*i - 34. Suppose -t - 3*z = 12, 5*z - 10 = t - 22. Calculate the remainder when h(t) is divided by 4.
0
Suppose 45*r = -2*r + 20821. What is the remainder when r is divided by 46?
29
What is the remainder when 2718 is divided by (-62514)/(-322)*(-35)/(-5)?
0
Suppose -9*l + 188 = -64. Suppose 2*r = -2*p + l, p - r - 14 = 4*r. What is the remainder when p is divided by 20/3*18/15?
6
Suppose 29*p + 1217970 = 74*p + 85*p. Calculate the remainder when p is divided by 213.
210
Suppose y + 140 = -5*v, -3*y + 3*v = 231 + 171. Let h = -50 - y. Calculate the remainder when h is divided by 43.
42
Suppose 5*r - 95 = -0*r - 5*c, 2*r - 4*c - 26 = 0. Suppose -d + r = 7. Suppose d*t - 69 = 31. What is the remainder when 18 is divided by t?
8
Let c = 140 - 125. Calculate the remainder when 619 is divided by c.
4
Suppose g - 798 = -8*g - 5*g. Calculate the remainder when (-10)/5 + 570 + 0 is divided by g.
55
Suppose -3*q + 3*i = -498, -q + 6*q = -2*i + 816. Let k = -7132 - -7174. What is the remainder when q is divided by k?
38
Let f = -1083 - -1140. Calculate the remainder when 284 is divided by f.
56
Let w(l) = 5*l + l**2 + 6*l + l**2 - 15*l + 143. Let p be w(0). Suppose 0 = -7*t + p + 249. Calculate the remainder when 107 is divided by t.
51
Suppose 128*l = 421*l - 6809 + 2414. What is the remainder when 257 is divided by l?
2
Let t = -119 + 35. Let z be t/10*2*30/18. Let w = z - -56. What is the remainder when 81 is divided by w?
25
Suppose -2238 = -10*r - 738. Let b = 413 - r. Calculate the remainder when b is divided by 33.
32
Let l(x) = x**2 - 25*x - 39. What is the remainder when 4618 is divided by l(29)?
75
Suppose 0 = -a + 342 + 294. Calculate the remainder when a is divided by 46.
38
Suppose 0 = -5*n + h + 1162, -4*n + 5*h = -n - 706. Let a = n + -165. Calculate the remainder when 466 is divided by a.
64
Suppose 2*d = 3*r - 0*d - 127, 2*r - 80 = -d. Suppose -10*f + 38 = 2*b - 8*f, -7*f = -3*b - 53. What is the remainder when r is divided by b?
1
Let m = 5565 - 5343. Calculate the remainder when 448 is divided by m.
4
Suppose -5*i - 10 = 0, 4*c + 0*i + 2*i = -548. Let r = -132 - c. What is the remainder when 34 is divided by r?
2
Let p(u) = 38*u**3 + 2*u**2 - u. Let q be p(1). Suppose 4*s - 28 - 64 = 4*c, -c + 5*s = q. Let j = c - -86. Calculate the remainder when j is divided by 25.
17
Let b(o) = 33*o. Let l be b(-1). Let j = l - -71. Suppose i = -117*i + 246 + 17336. What is the remainder when i is divided by j?
35
Suppose -5*i = 8*q + q - 12522, 4*q + i = 5569. What is the remainder when q is divided by 354?
331
Let x(h) = 133*h - 664. What is the remainder when x(6) is divided by (3/3)/(2/30)?
14
Suppose s = -65*c + 64*c + 64, -5*c = s - 64. What is the remainder when 1599 is divided by s?
63
Calculate the remainder when 25377 is divided by ((-204)/(-85))/((-5)/(-225)).
105
Let i(u) = -9*u + 36. Let l be i(2). Let t = 8 - 5. What is the remainder when ((-39)/(-6))/(t/l) is divided by 20?
19
Suppose 21*y - 4*g = 18*y + 129, -5*y = 2*g - 189. Let h = 13 + -6. Calculate the remainder when y is divided by h.
4
Let h(m) = m**3 + 32*m**2 + 244*m - 80. Calculate the remainder when h(-18) is divided by 26.
12
Suppose -a = -2*a + 271. Suppose 0 = 4*n + 14550*j - 14548*j - 150, -3*n - 3*j = -84. What is the remainder when a is divided by n?
36
Let s(q) = 9*q**2 - 30*q + 140. What is the remainder when s(8) is divided by 119?
0
Suppose -p = 5*p. Suppose p = -n + 24 - 13. What is the remainder when 162 is divided by n?
8
Calculate the remainder when 7504 is divided by -10 - (-190)/10 - 13 - -143.
137
Let y(v) be the first derivative of v**3/3 + 2*v**2 - 48*v - 122. Calculate the remainder when 57 is divided by y(-10).
9
Suppose 36 = -8*z + 12. Calculate the remainder when 6/4*(-74)/(-3) is divided by 1 + z + 13 - -3.
9
Let q = 682 - -2582. What is the remainder when q is divided by 99?
96
Suppose 8415 = 27*y - 6705. Calculate the remainder when y is divided by 149.
113
Suppose f - 5*g + 4 = -12, 3*f = -2*g + 37. Calculate the remainder when -6 + 7 - (-325)/25 is divided by f.
5
Suppose -54*j - 12 = -57*j. Suppose -3*l = -q + 297, -q = -j*l - 282 - 15. Suppose 0 = 2*z + 47 - q. Calculate the remainder when z is divided by 16.
13
Suppose 4*o - 20 = -0*